is the highest common divisor of h and o?
11
Let m(a) = -104*a**3 - a. Suppose 13 = -3*h - 2*j, 3*h - 5*h - 14 = -4*j. Let i = h - -4. Let f be m(i). What is the highest common divisor of f and 21?
21
Let g(u) = 2*u**2 - 7*u - 15. Let b be g(-3). Let l = b - -97. Calculate the highest common divisor of l and 11.
11
Let t = -5 - -71. Suppose 6*d = t + 204. Let q(r) = r**3 - 8*r**2 + 9*r + 4. Let b be q(7). Calculate the greatest common factor of b and d.
9
Let b(n) = 4*n + 2. Let s be b(4). Let m = s + -13. Suppose 3*o - 4*a - 28 = 0, -a - a = -m*o + 70. Calculate the highest common factor of o and 64.
16
Let m(o) = -o**3 + 11*o**2 - 2*o. Let z be m(6). Suppose r = -4*d - 3*r + 100, 2*d - 4*r = 26. Calculate the highest common factor of d and z.
21
Let b be (-18)/(-16)*6 + (-10)/(-40). Suppose 2*v - 2 = 0, -2*v = 5*t - 5*v - b. Calculate the highest common divisor of 1 and t.
1
Suppose 0 = -6*x + 11*x - 110. Suppose 5*k + 16 = 13*k. Calculate the highest common factor of k and x.
2
Let k(f) = -f**3 - 58*f**2 + 55*f - 204. Let u be k(-59). Calculate the highest common factor of 72 and u.
8
Suppose -4*q - 18 = -q. Let g(o) = 4*o + 30. Let v be g(q). What is the highest common divisor of v and 66?
6
Suppose l + 5*n - 10 = -31, 0 = 3*l - 4*n + 120. Let u be (-300)/l - (-1)/(-3). Suppose 5*c = 8 + 12. Calculate the highest common factor of u and c.
4
Suppose -w + 4*j = 3*w - 40, 5*j + 5 = 0. What is the highest common divisor of w and 225?
9
Let w be (-92)/28 + (-4)/(-14). Let k(r) = -6*r - 2. Let t be k(w). Let p be (-64)/(-24)*(-9)/(-6) + 0. What is the highest common divisor of t and p?
4
Suppose 50*h - 2915 = 685. Calculate the greatest common divisor of 135 and h.
9
Let w = -174 - -192. What is the greatest common divisor of 63 and w?
9
Let g be (-2296)/(-52) - (-1 - (-30)/26). What is the greatest common divisor of g and 11?
11
Let h = -258 - -307. Calculate the greatest common factor of h and 14.
7
Suppose 0 = -491*b + 484*b + 3948. Calculate the greatest common factor of b and 132.
12
Let i(d) = -3*d**2 + 74*d - 97. Let f be i(22). What is the greatest common divisor of 158 and f?
79
Let c = 1 + 23. Let b = 21 + 195. Calculate the greatest common factor of c and b.
24
Suppose -14*c + 15 = -19*c. Let k be (-8 - -18)*c/(-5). Let m be (-14)/35 - 32/(-5). What is the greatest common factor of k and m?
6
Let g = -257 - -261. Calculate the highest common divisor of g and 132.
4
Suppose -2*f + 4 = -z, 4*z - 4*f = -0*f. Suppose -15*c + 2133 = -357. Let k = -150 + c. Calculate the highest common factor of k and z.
4
Let n(r) = -r**2 - 1. Let k(s) = -61*s**2 + s + 5. Let f(t) = k(t) + 3*n(t). Let b be f(-1). Let j = b + 93. Calculate the greatest common factor of 75 and j.
15
Suppose -2*s = 2*x - 51 - 23, x - s = 35. Let q be 35/3 + 3/9. What is the highest common factor of q and x?
12
Let q be (-125 - -115)/((-4)/6). What is the highest common factor of 84 and q?
3
Let j be -3 + (1 - -3) + -2 + 89. Let x = j + -77. What is the highest common divisor of x and 209?
11
Let m(h) = 3*h**2 + 202. Let x be m(0). Calculate the highest common divisor of 2 and x.
2
Let j be 38 + (-4 - (-2)/2). Let a be j - (8/2)/(-2). Calculate the highest common divisor of a and 407.
37
Let f = 4 - -11. Let k = 44 - 37. Suppose -z + k = 4. Calculate the highest common divisor of z and f.
3
Suppose 0 = -2*v + 15 + 5. Let q(l) = -l**2 + 5*l + 4. Let o be q(5). Let b be o*-2*(-15)/v. What is the greatest common factor of 6 and b?
6
Let r(b) = -5*b - 24. Let p be r(-9). Let i = p + -2. Calculate the greatest common divisor of 209 and i.
19
Let d(x) = x**3 - 4*x**2 + 4*x - 37. Let z be d(7). What is the highest common divisor of 12 and z?
6
Let z(h) = -h**2 + 3*h - 6. Let g(w) = 2*w**2 - 4*w + 5. Let p(u) = 2*g(u) + 3*z(u). Let o be p(4). Calculate the highest common divisor of 8 and o.
4
Let d = -8 - -13. Suppose -d*h + 48 = -2*h. Suppose -2*r - 2*g + h = 0, -3*r - 2*r + 40 = -4*g. What is the highest common factor of r and 12?
4
Suppose -5*m + 120 = -5*f, 4*m - f = -0*m + 96. Let n = m + 66. Suppose -4*j = -3*j - n. What is the highest common divisor of j and 9?
9
Let b = 23 + -15. Let m = b - 5. Let u = -9 - -12. Calculate the highest common divisor of m and u.
3
Let y(q) = 4*q - 40. Let k be y(15). What is the greatest common divisor of 170 and k?
10
Let s(k) = -k**2 + 6*k + 66. Let o be s(9). What is the greatest common divisor of o and 6?
3
Let p(j) = -j**2 - 13*j + 2. Let g be p(-11). Suppose -3*a = -3*k + k - 566, 0 = -4*a + 4*k + 748. Calculate the highest common factor of a and g.
24
Suppose 140 = v + 3*v. What is the highest common factor of v and 175?
35
Let l(u) = -6 + u**2 + 32*u**3 + 7 + u - 41*u**3. Let f be l(-2). What is the greatest common factor of f and 50?
25
Suppose -2*z - 20 = -4*z. Let y be z + 2 - 4/1. What is the highest common divisor of y and 1?
1
Suppose -32*p + 3777 - 1409 = 0. Calculate the greatest common factor of 333 and p.
37
Let r = 2 + 0. Suppose 3*f + r*f - 10 = 0. Suppose -3*q + f*b + 17 = -3, 4*q + b = 34. What is the highest common factor of q and 2?
2
Let a = -1039 - -1591. Suppose -c + 7*d + 175 = 11*d, 3*d - a = -3*c. Calculate the highest common divisor of c and 17.
17
Let q be 168 + (-35)/5*-1. Calculate the greatest common divisor of q and 25.
25
Let l(a) = -15*a**3 - 4*a**2 - 2*a - 1. Let x be l(-3). Suppose -670 = -9*r + 860. Suppose 4*i = -i + r. What is the greatest common factor of x and i?
34
Let u(z) = 69*z**2 + 259*z + 11. Let a be u(-5). Calculate the greatest common factor of a and 18.
9
Suppose 29*w - 2241 = 25019. What is the greatest common divisor of 60 and w?
20
Suppose 3*n = 3*o + 219, -4*n + 374 = -2*o + 92. Suppose -f = 3*f - n. Suppose f + 7 = y. Calculate the greatest common divisor of y and 96.
24
Suppose -3*l = 3*s - 270, 175 = 2*l - 0*s + s. Suppose 13*u = 101 + 211. Let w be 3 - (-221)/7 - u/42. Calculate the highest common factor of w and l.
17
Let u(j) = -17*j + 75. Let w be u(-8). Suppose -17*m = -925 + w. Calculate the highest common factor of m and 14.
14
Let j = 33 + -38. Let f(s) = s**2 + s + 1. Let l be f(j). Calculate the greatest common factor of l and 42.
21
Suppose 50*j - 16520 = 36*j. What is the highest common divisor of j and 20?
20
Let o(w) = 2*w**3 + 5*w**2 + 10*w + 17. Let m be o(-2). What is the highest common divisor of m and 71?
1
Let q = -822 + 1206. What is the greatest common factor of 12 and q?
12
Suppose 0 = -6*z + 1 + 17. Suppose -10 = -4*q + 10. Let c = z + q. Calculate the greatest common factor of c and 72.
8
Suppose 0 = 2*b - 4*c - 44, 3*b = -0*b - 2*c + 98. Calculate the greatest common divisor of b and 825.
15
Let z = 101 + -65. Calculate the highest common divisor of 288 and z.
36
Suppose 678 = -2*p + 4*s + 1870, -3*s + 1797 = 3*p. Calculate the highest common factor of 26 and p.
26
Suppose 0 = -8*o + 1094 + 578. What is the greatest common factor of o and 38?
19
Let d(t) be the third derivative of 7*t**4/24 + 10*t**3/3 - 8*t**2. Let f be d(4). What is the greatest common divisor of f and 192?
48
Let s be 14162/14 + (-297)/(-693). Calculate the highest common factor of s and 184.
92
Let f = 675 + -648. Calculate the greatest common divisor of 171 and f.
9
Let h(s) = -s**2 + 11*s + 17. Let d be h(12). Let g = -5 - d. Let c be ((-20)/(-6))/(g/(-75)). Calculate the highest common divisor of 175 and c.
25
Let o be 18*(0 - (-6 + -2)). What is the highest common divisor of o and 96?
48
Let k(u) = -19*u - 3. Let l be k(-6). Let b be (-7)/42 - l/(-18). Calculate the greatest common factor of b and 30.
6
Let j = 23 + -3. Let p be 1*23 + (6 - -10) + -9. What is the greatest common factor of j and p?
10
Let i = -683 + 827. Calculate the greatest common divisor of 192 and i.
48
Suppose -3*q + 33 = s - 33, 27 = q + 2*s. Calculate the greatest common divisor of 861 and q.
21
Suppose b - 9 = 2*m, 0 = -4*m - 8. Suppose b*f + d + 22 - 73 = 0, 2*f - 3*d - 34 = 0. Calculate the greatest common divisor of 44 and f.
11
Let s(o) = 10*o - 79. Let f be s(8). Let u be f*(3 - -1 - -5 - -4). Suppose a - 1 + 17 = l, 3*l = -a + 36. What is the highest common divisor of u and l?
13
Let n be 1/(((-33)/(-456))/11 - 0). Calculate the greatest common factor of n and 2.
2
Let v be (1 + 3/(-5))/(2/320). Let